424813 a composite number?
False
Is 125695033 a prime number?
False
Is 556004903 a composite number?
True
Is 815322641 prime?
False
Is 812779177 a prime number?
False
Is 1483544539 prime?
True
Is 3223498313 a composite number?
True
Is 15821978651 a composite number?
False
Is 2978252383 a composite number?
False
Is 15319127429 a composite number?
True
Is 689859107 composite?
True
Is 12391466249 composite?
True
Is 41471400917 composite?
False
Is 28090906601 a prime number?
True
Is 31965875783 prime?
True
Is 82746554321 a composite number?
False
Is 26530567213 a composite number?
False
Is 11999568397 prime?
True
Is 16582306467 a composite number?
True
Is 38305990951 composite?
False
Is 1253404751 a prime number?
True
Is 1191435781 a composite number?
True
Is 10772439109 prime?
False
Is 44996657273 composite?
True
Is 4820305183 a prime number?
True
Is 79047383 prime?
True
Is 732760109 a prime number?
True
Is 25804958321 composite?
True
Is 4171271651 composite?
True
Is 24757322039 prime?
True
Is 392662841 a prime number?
False
Is 588233461 composite?
False
Is 2916865073 a composite number?
True
Is 1409070073 a composite number?
False
Is 59000243371 composite?
False
Is 823462441 prime?
True
Is 132015824737 a composite number?
True
Is 5772385999 a composite number?
False
Is 6730213969 a composite number?
False
Is 326096321 a prime number?
False
Is 582103073 composite?
False
Is 16430651999 composite?
True
Is 53465971315 a composite number?
True
Is 35772637 composite?
False
Is 62061937643 a prime number?
False
Is 204140851 a composite number?
False
Is 19483517 composite?
True
Is 119045639 prime?
True
Is 54941718067 a prime number?
True
Is 35051360191 a prime number?
False
Is 80313109221 prime?
False
Is 251840077 prime?
True
Is 19779440389 composite?
False
Is 2670183055 prime?
False
Is 15991760867 a composite number?
False
Is 93867830231 prime?
False
Is 15712598267 prime?
True
Is 6636347393 a composite number?
True
Is 367753383109 composite?
True
Is 2161371389 a prime number?
True
Is 28990706681 a composite number?
True
Is 86471053421 composite?
False
Is 221853467 a prime number?
False
Is 1695313531 composite?
True
Is 9148115173 composite?
False
Is 1710766177 a composite number?
True
Is 1701041969 composite?
True
Is 14680996541 composite?
True
Is 359186977 a prime number?
True
Is 10413498769 a prime number?
False
Is 1665225251 a composite number?
True
Is 1843407619 a prime number?
False
Is 3940244447 a composite number?
False
Is 574694473 composite?
True
Is 4474085573 composite?
False
Is 288884021 composite?
False
Is 24235723849 prime?
True
Is 1236284429 composite?
False
Is 5716703359 a composite number?
True
Is 1747494017 composite?
False
Is 383079313 a prime number?
True
Is 12261515821 prime?
True
Is 2378180227 a prime number?
True
Is 15998393 composite?
True
Is 9035286787 a composite number?
True
Is 4414162619 composite?
False
Is 338640779 a composite number?
True
Is 9583777501 a composite number?
False
Is 10002264847 a prime number?
True
Is 830494103 a prime number?
True
Is 1594141466 a composite number?
True
Is 500391701 a prime number?
True
Is 80847961 a prime number?
False
Is 1500305461 a composite number?
False
Is 74933311 a prime number?
False
Is 778079011 a prime number?
True
Is 54554849 composite?
False
Is 50696860301 a prime number?
False
Is 138476562017 a composite number?
True
Is 6075543053 a composite number?
False
Is 2867058289 prime?
False
Is 55182869123 a prime number?
True
Is 2293352387 prime?
True
Is 5219992961 composite?
True
Is 2771298947 composite?
False
Is 1559055593 a composite number?
False
Is 28594185839 prime?
False
Is 9622874759 a composite number?
False
Is 14498609219 prime?
True
Is 1649288937 prime?
False
Is 24741201817 a prime number?
False
Is 5654712611 prime?
True
Is 3972564257 prime?
True
Is 2061063859 prime?
True
Is 210414541 a prime number?
True
Is 18540349 prime?
False
Is 39191086709 prime?
True
Is 2138569499 a prime number?
False
Is 11064290161 a prime number?
True
Is 27995536117 composite?
False
Is 7569254933 a prime number?
False
Is 1083969505 prime?
False
Is 298258267 a prime number?
True
Is 3251023043 a prime number?
True
Is 2642978227 composite?
False
Is 550457771 a composite number?
False
Is 101230367111 prime?
False
Is 15999226571 composite?
True
Is 355146737539 a composite number?
True
Is 52765684211 composite?
False
Is 2676149629 a prime number?
False
Is 114399487 composite?
False
Is 14871611 a prime number?
True
Is 5708031179 a prime number?
False
Is 69144421733 a composite number?
False
Is 1313709131 a composite number?
True
Is 893758399 a composite number?
False
Is 28590074427 a prime number?
False
Is 1184380621 composite?
True
Is 1587589957 prime?
False
Is 1259241227 a composite number?
False
Is 2185167349 prime?
False
Is 359319743 composite?
False
Is 3282858713 composite?
False
Is 258935077 a prime number?
True
Is 1132290811 a prime number?
True
Is 5944214167 a prime number?
False
Is 326044379 composite?
False
Is 2667619901 a prime number?
True
Is 1860372989 a composite number?
True
Is 658706651 composite?
False
Is 2390040277 a prime number?
False
Is 442084651 a composite number?
True
Is 6586612999 prime?
True
Is 26096903395 prime?
False
Is 144562247 a composite number?
False
Is 425086213 a prime number?
True
Is 44775904703 prime?
True
Is 27862333 composite?
False
Is 6702323041 prime?
False
Is 795167 prime?
False
Is 533986591 a composite number?
False
Is 2163830497 prime?
False
Is 16164412771 composite?
True
Is 1329418463 prime?
False
Is 2490382567 a composite number?
False
Is 84128599267 prime?
True
Is 16119659609 prime?
False
Is 1473362789 a prime number?
True
Is 5044233841 composite?
False
Is 14904906773 composite?
True
Is 1115819629 prime?
False
Is 92041043 a composite number?
True
Is 3046327409 prime?
True
Is 556021639 composite?
False
Is 3749166461 composite?
False
Is 4586963923 a composite number?
False
Is 2415009119 a composite number?
False
Is 310240363061 a composite number?
False
Is 1484093911 prime?
True
Is 2701583869 a composite number?
False
Is 43281220574 composite?
True
Is 995985539 a composite number?
False
Is 99762234911 a prime number?
True
Is 17287451387 a prime number?
False
Is 2700062977 composite?
True
Is 105974527 composite?
False
Is 865900947 a prime number?
False
Is 99229530679 a prime number?
True
Is 105784858353 a composite number?
True
Is 285230111917 composite?
False
Is 73784208511 a composite number?
True
Is 18448622243 a composite number?
False
Is 275591893 prime?
True
Is 1013370587 composite?
False
Is 5772130147 composite?
True
Is 12555390527 a composite number?
False
Is 9511406759 a prime number?
False
Is 1528449329 prime?
False
Is 137059261 a composite number?
True
Is 111676627 a composite number?
True
Is 3692162413 prime?
False
Is 832130227 prime?
True
Is 169655999 prime?
True
Is 15578597471 composite?
False
Is 8035440947 a prime number?
True
Is 1539736027 prime?
False
Is 21080019791 a composite number?
False
Is 269725948631 prime?
False
Is 2141279671 composite?
True
Is 15115553737 composite?
False
Is 1211986291 prime?
True
Is 19907070457 a prime number?
False
Is 268700843 a prime number?
True
Is 44950259 a composite number?
True
Is 11583468343 a composite number?
True
Is 3167048449 prime?
True
Is 345730813 composite?
True
Is 1870213355 a prime number?
False
Is 5998487149 a prime number?
False
Is 39672687337 a composite number?
False
Is 36714917699 a prime number?
False
Is 5942930947 a composite number?
True
Is 5930844571 a composite number?
False
Is 17258566751 prime?
True
Is 10743850393 a prime number?
True
Is 374109611 prime?
True
Is 247612853 a prime number?
True
Is 3199818491 prime?
True
Is 7157022409 a composite number?
False
Is 474842681 composite?
True
Is 1366923773 a prime number?
False
Is 230557070803 composite?
True
Is 1681476271 a composite number?
False
Is 35929781 a composite number?
False
Is 83405598769 a composite number?
False
Is 86629031 a composite number?
False
Is 581782741 prime?
True
Is 30871710797 a prime number?
True
Is 916386937 a composite number?
True
Is 2070313165 composite?
True
Is 882838113 composite?
True
Is 140723471 a composite number?
True
Is 13880484631 prime?
False
Is 3443385871 a prime number?
False
Is 6683471563 a composite